
Is 78 a factor of 78?
True
Does 25 divide 600?
True
Is 3012 a multiple of 33?
False
Does 39 divide 956?
False
Is 9 a factor of 1170?
True
Is 60 a multiple of 12?
True
Is 1716 a multiple of 4?
True
Is 7 a factor of 136?
False
Is 39 a factor of 156?
True
Is 241 a factor of 878?
False
Does 8 divide 8984?
True
Is 6241 a multiple of 61?
False
Does 26 divide 1300?
True
Is 28552 a multiple of 86?
True
Does 44 divide 1496?
True
Is 762 a multiple of 8?
False
Is 7968 a multiple of 8?
True
Does 18 divide 450?
True
Is 14 a factor of 3852?
False
Is 130 a factor of 1430?
True
Does 78 divide 11255?
False
Is 9 a factor of 3465?
True
Is 37470 a multiple of 36?
False
Is 82 a factor of 7134?
True
Does 291 divide 109998?
True
Is 10 a factor of 10820?
True
Is 20 a factor of 4614?
False
Does 12 divide 3004?
False
Is 5 a factor of 55?
True
Is 47967 a multiple of 59?
True
Is 1056 a multiple of 22?
True
Does 128 divide 19200?
True
Is 1769 a multiple of 70?
False
Is 164595 a multiple of 164?
False
Is 195 a factor of 5006?
False
Is 3036 a multiple of 54?
False
Is 413 a multiple of 7?
True
Does 10 divide 111?
False
Is 2 a factor of 1654?
True
Is 1314 a multiple of 18?
True
Is 4420 a multiple of 68?
True
Is 5 a factor of 428?
False
Is 780 a multiple of 78?
True
Is 71 a factor of 5112?
True
Does 159 divide 48801?
False
Is 5 a factor of 7690?
True
Is 33 a factor of 3267?
True
Is 56 a factor of 7504?
True
Does 273 divide 37738?
False
Does 12 divide 3157?
False
Does 11 divide 5753?
True
Does 4 divide 264?
True
Is 61 a factor of 3904?
True
Is 96 a factor of 288?
True
Is 13 a factor of 8463?
True
Is 11 a factor of 9932?
False
Does 10 divide 92?
False
Is 15 a factor of 18630?
True
Is 1297 a multiple of 10?
False
Is 6 a factor of 1926?
True
Is 19 a factor of 56525?
True
Is 21 a factor of 1358?
False
Is 16 a factor of 40299?
False
Is 18176 a multiple of 142?
True
Is 802 a multiple of 18?
False
Does 37 divide 33499?
False
Is 16 a factor of 3073?
False
Is 224 a multiple of 32?
True
Does 69 divide 5905?
False
Is 19551 a multiple of 133?
True
Is 889 a multiple of 59?
False
Does 54 divide 12744?
True
Is 34162 a multiple of 31?
True
Is 2775 a multiple of 25?
True
Is 22 a factor of 1148?
False
Is 23 a factor of 1955?
True
Is 5 a factor of 3885?
True
Does 37 divide 17855?
False
Is 6833 a multiple of 128?
False
Is 347 a multiple of 39?
False
Does 64 divide 704?
True
Is 19 a factor of 884?
False
Does 19 divide 16286?
False
Does 18 divide 4932?
True
Is 672 a multiple of 24?
True
Is 104 a multiple of 4?
True
Does 13 divide 95105?
False
Is 10 a factor of 240?
True
Is 26 a factor of 1615?
False
Does 39 divide 6435?
True
Is 23 a factor of 573?
False
Is 2001 a multiple of 69?
True
Is 17433 a multiple of 39?
True
Is 90 a factor of 11316?
False
Does 41 divide 10988?
True
Is 47775 a multiple of 15?
True
Does 32 divide 1821?
False
Does 11 divide 1562?
True
Is 18 a factor of 122670?
True
Is 2460 a multiple of 30?
True
Does 103 divide 4219?
False
Is 18 a factor of 28998?
True
Is 40 a factor of 1076?
False
Is 9300 a multiple of 93?
True
Is 21 a factor of 1592?
False
Is 7 a factor of 497?
True
Is 512 a multiple of 21?
False
Is 95 a factor of 54530?
True
Is 63096 a multiple of 88?
True
Is 4 a factor of 3316?
True
Is 62 a factor of 506?
False
Does 45 divide 101250?
True
Is 147 a factor of 2812?
False
Does 14 divide 4052?
False
Is 33205 a multiple of 18?
False
Does 73 divide 730?
True
Is 6 a factor of 374?
False
Is 13 a factor of 143?
True
Does 45 divide 360?
True
Is 5055 a multiple of 15?
True
Is 16 a factor of 1158?
False
Does 8 divide 91?
False
Is 2 a factor of 14072?
True
Does 8 divide 13895?
False
Does 13 divide 590?
False
Is 4917 a multiple of 26?
False
Is 4 a factor of 144?
True
Is 10658 a multiple of 30?
False
Is 10140 a multiple of 6?
True
Is 4 a factor of 753?
False
Does 6 divide 36?
True
Is 37 a factor of 259?
True
Is 450 a multiple of 5?
True
Is 264 a multiple of 24?
True
Does 39 divide 234?
True
Is 5 a factor of 14789?
False
Does 39 divide 474?
False
Does 116 divide 18676?
True
Does 92 divide 1104?
True
Does 12 divide 15336?
True
Is 117 a factor of 2691?
True
Does 10 divide 57296?
False
Is 4368 a multiple of 56?
True
Does 34 divide 591?
False
Does 34 divide 6061?
False
Does 67 divide 13366?
False
Is 287 a multiple of 8?
False
Is 117 a factor of 2590?
False
Does 9 divide 288?
True
Is 13 a factor of 3101?
False
Is 2460 a multiple of 41?
True
Does 11 divide 352?
True
Does 4 divide 584?
True
Does 15 divide 1221?
False
Is 5 a factor of 7859?
False
Does 77 divide 770?
True
Is 12 a factor of 9624?
True
Is 11 a factor of 14696?
True
Is 704 a multiple of 64?
True
Is 6 a factor of 2148?
True
Is 26 a factor of 456?
False
Is 53 a factor of 69218?
True
Is 209 a multiple of 14?
False
Is 7104 a multiple of 32?
True
Does 9 divide 756?
True
Is 48 a factor of 3072?
True
Does 15 divide 510?
True
Is 804 a multiple of 12?
True
Does 15 divide 2205?
True
Is 983 a multiple of 21?
False
Is 70 a multiple of 43?
False
Does 12 divide 1368?
True
Does 22 divide 130592?
True
Is 1307 a multiple of 9?
False
Is 58 a factor of 885?
False
Does 11 divide 1747?
False
Is 30276 a multiple of 87?
True
Does 42 divide 240?
False
Is 30 a factor of 75?
False
Is 26 a factor of 936?
True
Is 1481 a multiple of 154?
False
Is 434 a multiple of 63?
False
Does 8 divide 262?
False
Is 4936 a multiple of 6?
False
Is 38 a factor of 336?
False
Is 40 a multiple of 8?
True
Does 6 divide 25236?
True
Does 28 divide 2724?
False
Is 8 a factor of 860?
False
Is 11 a factor of 231?
True
Is 11 a factor of 852?
False
Is 6622 a multiple of 22?
True
Is 6564 a multiple of 14?
False
Is 10 a factor of 996?
False
Does 13 divide 924?
False
Is 48 a factor of 42336?
True
Is 682 a multiple of 22?
True
Is 14 a factor of 3844?
False
Is 8 a factor of 35720?
True
Does 7 divide 2128?
True
Does 30 divide 24600?
True
Is 23 a factor of 1955?
True
Is 26 a factor of 11643?
False
Is 17 a factor of 941?
False
Is 1530 a multiple of 8?
False
Does 16 divide 12489?
False
Is 9 a factor of 5516?
False
Does 22 divide 835?
False
Is 3 a factor of 75?
True
Is 285 a multiple of 15?
True
Is 7 a factor of 32193?
True
Is 13 a factor of 455?
True
Is 45 a factor of 947?
False
Does 30 divide 478?
False
Is 65494 a multiple of 18?
False
Is 669 a multiple of 8?
False
Is 46 a factor of 1391?
False
Does 20 divide 5699?
False
Does 51 divide 11295?
False
Is 162 a factor of 14094?
True
Is 89 a factor of 38368?
False
Does 69 divide 69?
True
Is 9840 a multiple of 37?
False
Is 30744 a multiple of 24?
True
Is 22022 a multiple of 121?
True
Does 116 divide 8236?
True
Is 270 a multiple of 30?
True
Is 124 a factor of 10540?
True
Does 3 divide 1116?
True
Does 17 divide 249?
False
Is 10 a factor of 821?
False
Is 12 a factor of 102401?
False
Does 42 divide 13776?
True
Is 5741 a multiple of 8?
False
Is 8 a factor of 175?
False
Is 1680 a multiple of 20?
True
Is 5159 a multiple of 11?
True
Is 2691 a multiple of 39?
True
Does 107 divide 5671?
True
Is 46852 a multiple of 34?
True
Is 11687 a multiple of 11?
False
Is 67 a factor of 15477?
True
Does 11 divide 440?
True
Is 3600 a multiple of 16?
True
Does 6 divide 184?
False
Does 40 divide 3480?
True
Does 104 divide 5200?
True
Does 3 divide 22557?
True
Is 803 a multiple of 56?
False
Is 17 a factor of 3162?
True
Does 11 divide 5577?
True
Is 972 a multiple of 12?
True
Does 39 divide 2151?
False
Does 32 divide 3514?
False
Is 4 a factor of 1066?
False
Does 105 divide 120120?
True
Is 8 a factor of 2016?
True
Does 17 divide 2420?
False
Is 732 a multiple of 6?
True
Does 141 divide 5833?
False
Is 1537 a multiple of 27?
False
Is 1584 a multiple of 33?
True
Is 104 a factor of 21316?
False
Does 36 divide 115?
False
Does 58 divide 99?
False
Is 4591 a multiple of 7?
False
Is 20916 a multiple of 39?
False
Is 7830 a multiple of 18?
True
Is 2619 a multiple of 10?
False
Is 24 a factor of 16176?
True
Is 55 a factor of 3245?
True
Does 5 divide 789?
False
Does 9 divide 6125?
False
Is 37800 a multiple of 27?
True
Does 65 divide 435?
False
Does 6 divide 162?
True
Is 17853 a multiple of 33?
True
Is 10 a factor of 127?
False
Is 49 a factor of 5001?
False
Is 14275 a multiple of 15?
False
Is 41764 a multiple of 89?
False
Is 102 a factor of 5610?
True
Is 17 a factor of 1683?
True
Is 23546 a multip